ctors of k.
11
Let q = -5 - -25. Suppose q = 2*h - 46. Let f = -5 + h. List the prime factors of f.
2, 7
What are the prime factors of (-730)/438 - 15314/(-3)?
3, 7
Let w be (-6)/9 + (-22)/(-6). Suppose 1 = -w*x - 5*c - 4, -3*c = -5*x + 3. What are the prime factors of (6 - -1) + x/(-1)?
7
Suppose 2*j = 3*s - 6093 - 1002, s + 3*j = 2354. What are the prime factors of s?
17, 139
Suppose -z + 7 + 44 = 0. Let p = z + -49. What are the prime factors of p?
2
Suppose 0 = 5*n + 4*j - 673, 0*j + j = -4*n + 545. Suppose 3*k - 85 - n = 0. What are the prime factors of k?
2, 37
Let b = -31 + 31. Let d(w) = w**3 + w**2 + 3*w + 63. What are the prime factors of d(b)?
3, 7
Suppose x - d - 2667 = 0, -4*x + 4643 = 2*d - 6055. What are the prime factors of x?
2, 167
Suppose 0*p + 20 = -5*p. What are the prime factors of (p - 0)*8*35/(-10)?
2, 7
Let w(g) be the second derivative of 0 - 2*g - 14*g**2 + 7/6*g**3. List the prime factors of w(13).
3, 7
Let p be -22*(-1)/4*-4. Let k(r) = -r**2 - 25*r + 48. What are the prime factors of k(p)?
2, 3, 19
Suppose 0 = i - 4*n + 166, -4*i = -9*i + 5*n - 800. Let o = -86 - i. List the prime factors of o.
2, 3
Let i(u) = 3*u - u**3 + 5*u**2 + u**2 + 6*u - 9. Let x be i(7). Suppose -36 = -x*z + z. List the prime factors of z.
3
List the prime factors of (31 + -17)/(1*(-6)/(-531)).
3, 7, 59
Suppose -5*a - 2074 + 6804 = 5*r, -2*r + 1889 = -a. List the prime factors of r.
3, 5, 7
Let m be (-320)/18 + 16/(-72). List the prime factors of ((-5 - -4) + -8)/(1/m).
2, 3
Let c = -30 - -33. Suppose -2*n - 30 = 5*u - 386, 0 = 4*u + c*n - 289. What are the prime factors of u?
2, 5, 7
Let c = -1679 - -2867. What are the prime factors of c?
2, 3, 11
List the prime factors of (-6)/(-9) - (-54630)/27.
2, 11, 23
Let h = 658 - 558. What are the prime factors of h?
2, 5
Let z(k) = -6 + 13*k**2 + 6*k**2 + 2*k - 17*k**2. What are the prime factors of z(-4)?
2, 3
Let w(b) = 66*b + 16. What are the prime factors of w(6)?
2, 103
Let o(u) be the second derivative of u**4/4 + u**3/6 - 3*u**2 - 12*u. List the prime factors of o(-5).
2
Let u = -118 - -641. What are the prime factors of u?
523
Let a = 461 + -349. What are the prime factors of a?
2, 7
Suppose -8*g = -23*g + 825. Suppose 4*s - 353 = g. List the prime factors of s.
2, 3, 17
Suppose -5*k + 2195 = -h - 0*k, h = -3*k - 2219. What are the prime factors of (-1)/(-3) - h/39?
3, 19
Suppose 0 = i - 0*i. Suppose -r + 3*r = i. Suppose -3*j + r = -12. List the prime factors of j.
2
List the prime factors of 126150/27 - 44/198.
2, 73
Let c be 1/(-2*(-1)/(-58)). What are the prime factors of 1/(-2)*6 - c?
2, 13
Suppose 2*x = x + 159. Suppose -22*h = -25*h + x. List the prime factors of h.
53
Suppose 48*v - 34578 = 39*v. List the prime factors of v.
2, 17, 113
Suppose -2*z + 0*z + 5*v = -725, -4*z = -2*v - 1442. What are the prime factors of z?
2, 3, 5
Suppose 0 = b - 3*c + 5*c + 3, b = 4*c + 15. Suppose -s + b*s = 4. What are the prime factors of (0 - 1)/(s/(-22))?
11
Let b be (1 - 5)/(-2) - 19. Let l be (1 + (-5)/3)/(4/114). Let z = b - l. List the prime factors of z.
2
List the prime factors of ((-4)/(3 - -1))/((-7)/2863).
409
Let g(y) be the third derivative of -y**5/60 + 5*y**4/8 + 7*y**3/6 + 5*y**2. List the prime factors of g(11).
3, 17
Let f = 2199 - 1063. What are the prime factors of f?
2, 71
Let u(g) = -g**2 - 5*g - 2. Let j be u(-4). Let q(v) = 0 + 11*v**j - 9*v**3 + 8*v**3 - 14 + 14*v + 2. List the prime factors of q(12).
2, 3
Suppose 3*i + 0*z = 4*z + 895, 0 = 5*i - 4*z - 1497. List the prime factors of i.
7, 43
Suppose 5*a - 1076 = -2*n, -2*n = 4*a - 0*n - 862. What are the prime factors of a?
2, 107
Let p(j) = 10*j**3 - j**2 - 8*j + 3. Let h(r) = 11*r**3 - 8*r + 2. Let o(v) = 2*h(v) - 3*p(v). Let a be o(5). What are the prime factors of a/(-25) - 2/(-5)?
2, 3
Let t be ((-208)/(-6))/(7/(126/12)). Let y = t - -65. What are the prime factors of y?
3, 13
Suppose -8*k + 13*k = 40. Suppose -2*l - 36 = -k*l. What are the prime factors of l?
2, 3
What are the prime factors of (-582)/(-388)*(-1562)/(-3)?
11, 71
Let x(p) = -p**2 - 13*p - 18. Let u be x(-13). Let a be (-14)/(-3)*u/(-21). Let t(b) = b**3 - 2*b**2 + 2*b + 3. What are the prime factors of t(a)?
43
Suppose -5*r = -z + 9 - 22, 2*z - 2*r = -2. Let t be (0 - (z + -1)) + -2. List the prime factors of -36*(t - 1)/4.
2, 3
Let l(q) = 7*q**3 + 4*q**2 + 14*q + 6. Let v(y) = -y**3 + y**2 - 1. Let z(r) = l(r) + 6*v(r). What are the prime factors of z(-8)?
2
Let c be 1/4 + 816795/84. What are the prime factors of ((-14)/16 - -1) + c/32?
2, 19
Suppose -3*z - 5 = -3*g + 4, -4*g + 12 = z. Suppose 2*m - o - 38 = -5*o, g*o + 12 = 0. Let s = -16 + m. What are the prime factors of s?
11
Let y = -24 + 33. Let w(m) = 26*m - 44. List the prime factors of w(y).
2, 5, 19
Let t = -134 + 128. Let w(c) = -c**3 - 4*c**2 - 11*c - 46. List the prime factors of w(t).
2, 23
Let i(p) = 2072*p + 94. What are the prime factors of i(1)?
2, 3, 19
Let g = 402 + 91. List the prime factors of g.
17, 29
Suppose 0 = 5*t - 4*t. Suppose t = v - 4*v. Suppose v = 5*k - 20, -4*g - 4*k = k - 76. What are the prime factors of g?
2, 7
Let j(i) = 134*i**2 - 2*i + 12. List the prime factors of j(2).
2, 17
Let y(f) be the third derivative of 0*f - 5/12*f**4 + 1/30*f**5 + 0 + 10*f**2 + 2/3*f**3. List the prime factors of y(6).
2
Let i(w) be the first derivative of -w**3/3 - 25*w**2/2 - 25*w - 3. List the prime factors of i(-14).
3, 43
Let q = -1 - -3. What are the prime factors of -3 + (q - -5*12)?
59
Let u = 21 - 27. Let q(w) = -16*w - 17. List the prime factors of q(u).
79
What are the prime factors of (-1)/(-4)*8756/11?
199
Suppose j = -3*j. Suppose -4*g + 105 + 147 = j. What are the prime factors of g?
3, 7
Suppose 22667 - 77732 = -15*j. What are the prime factors of j?
3671
Suppose -40 = -8*i + 3*i. Let w be 5 - i - (0 - 2). Let f(k) = -14*k + 1. List the prime factors of f(w).
3, 5
Suppose -t = -4*x - 1812, -12*t + 2*x - 1794 = -13*t. List the prime factors of t.
2, 3, 5
Suppose -15 = -3*a, a = -6*z + 2*z + 25. Let l = 5 - z. Suppose -2*r + 6 = l, -r = -0*p + 3*p - 78. List the prime factors of p.
5
Let n(x) = -x**3 - 3*x**2 + 5*x + 19. Let z be -2 - (-10)/3*24/(-20). What are the prime factors of n(z)?
97
Let s = 69 + 42. Suppose 30*r - 31 = 59. Suppose -4*i - 3*a + 206 = 63, r*i + a = s. What are the prime factors of i?
2, 19
Let t(d) = 5*d**2 + 9*d - 2. What are the prime factors of t(10)?
2, 3, 7
Let c(k) = k**2 + 14*k + 5. Let y be c(-14). Suppose 675 = 3*u + 3*h, 4*u - 959 = y*h - 41. List the prime factors of u.
227
Suppose 3*v + 4*m - 2525 = 0, 9*v - 5*v - 3374 = 2*m. List the prime factors of v.
3, 281
Let x(u) = 14*u + 13. Let q be x(-9). Let s = -32 - q. Suppose h = -c + 59, 0 = -2*c - h + s + 35. What are the prime factors of c?
3, 19
Let r(w) = 1054*w**2 + 4*w + 3. List the prime factors of r(-1).
3, 13
Let v be 103 + -2 + 3 + 3. Let x = 19 - 0. Suppose -4*k = x - v. List the prime factors of k.
2, 11
Let y(n) = -12*n**3 - 4*n**3 - n - 11 + 2 + 8. Suppose 3*o + 4 = f + 2, -3*o + 2*f = 1. What are the prime factors of y(o)?
2
Let w(o) = 862*o**2 + 2*o - 1. List the prime factors of w(1).
863
Suppose 0*g + 8 = 2*g. Suppose -4*h = -h + 4*j - 136, -202 = -g*h + 5*j. List the prime factors of h.
2, 3
Suppose -2*n + 16 = 2*n, n = p - 34. Let d = -34 + p. List the prime factors of d.
2
Let s(b) = -b**3 + 7*b**2 + 2*b - 4. Let o be s(7). Suppose -604 = -o*l - 24. What are the prime factors of l?
2, 29
Let y = -2 + 19. Let z be 7 + -9 + (2 - y). Let a = z - -24. What are the prime factors of a?
7
Let s(u) = -14*u**3 - 4*u**2 - 3*u + 3. What are the prime factors of s(-3)?
2, 3, 59
Suppose -18 = 3*u - 3*z - 0*z, 0 = u + z. List the prime factors of u + (2 - 0) + 242.
241
Let o(p) = 6*p - 69. What are the prime factors of o(17)?
3, 11
List the prime factors of (162/10)/(-3 - 92/(-30)).
3
What are the prime factors of (4/(-24))/(7/(-168))*1255?
2, 5, 251
Suppose 0 = -4*s + 5*s. Let d be (3/((-9)/156))/(-1). Suppose 5*i + 3*r = 65, 4*i + s*r - d = 3*r. What are the prime factors of i?
13
Let m = -46 + 69. Let j = 62 + m. List the prime factors of j.
5, 17
Suppose 2*d - o + 39 = 0, -2*d + 5*d + o + 61 = 0. Let p = d + 21. Suppose -i + 12 - p = 0. List the prime factors of i.
11
Su